{"id":6443,"date":"2015-10-10T16:43:30","date_gmt":"2015-10-10T16:43:30","guid":{"rendered":"http:\/\/encoigualdad.com\/index.php\/home\/"},"modified":"2021-09-28T08:18:58","modified_gmt":"2021-09-28T08:18:58","slug":"inicio","status":"publish","type":"page","link":"https:\/\/encoigualdad.com\/","title":{"rendered":"INICIO"},"content":{"rendered":"<p>[vc_row section_type=\u00bbfullwidth\u00bb header_feature=\u00bbyes\u00bb padding_bottom=\u00bb0&#8243;][vc_column][rev_slider_vc alias=\u00bbhomepage-slider-1&#8243;][\/vc_column][\/vc_row][vc_row padding_top=\u00bb50&#8243; padding_bottom=\u00bb50&#8243; margin_bottom=\u00bb0&#8243;][vc_column width=\u00bb2\/3&#8243;]<div class=\"grve-element grve-slogan grve-align-center\" style=\"\"><div class=\"grve-subtitle\">LOS VALORES QUE NOS DIFERENCIAN<\/div><h2 class=\"grve-slogan-title grve-align-center grve-h3\"><span>\u00bfPOR QU\u00c9 ELEGIR ENCO PARA REALIZAR SU PLAN DE IGUALDAD?<span class=\"grve-title-line grve-bg-primary-2\" style=\"width: 50px;height: 5px;\"><\/span><\/span><\/h2><\/div>[vc_column_text text_style=\u00bbsubtitle\u00bb]<\/p>\n<p style=\"text-align: center;\">Somos la \u00fanica agencia de comunicaci\u00f3n con un equipo certificado para la realizaci\u00f3n de planes de igualdad lo que nos aporta un alto valor a\u00f1adido en estrategia y flexibilidad que se suma al profundo conocimiento de las empresas despu\u00e9s de casi 20 a\u00f1os trabajando con ellas<\/p>\n<p>[\/vc_column_text][vc_row_inner][vc_column_inner width=\u00bb1\/2&#8243;][vc_empty_space height=\u00bb20&#8243;]<div class=\"grve-element grve-slogan grve-align-left\" style=\"\"><div class=\"grve-subtitle\">CERTIFICADOS<\/div><h2 class=\"grve-slogan-title grve-align-left grve-h4\"><span>CONOCIMIENTO<span class=\"grve-title-line grve-bg-primary-2\" style=\"width: 50px;height: 5px;\"><\/span><\/span><\/h2><div class=\"grve-btn-wrapper\"><a href=\"http:\/\/encoigualdad.com\/index.php\/quienes-somos\/#equipo\" class=\"grve-btn grve-btn-small grve-square grve-bg-primary-1 grve-bg-hover-black\"><span>CONOCE NUESTRO EQUIPO<\/span><\/a><\/div><\/div>[\/vc_column_inner][vc_column_inner width=\u00bb1\/2&#8243;][vc_empty_space height=\u00bb20&#8243;]<div class=\"grve-element grve-slogan grve-align-left\" style=\"\"><div class=\"grve-subtitle\">SERVICIO INTEGRAL E INNOVADOR<\/div><h2 class=\"grve-slogan-title grve-align-left grve-h4\"><span>VISI\u00d3N INTEGRADORA<span class=\"grve-title-line grve-bg-primary-2\" style=\"width: 50px;height: 5px;\"><\/span><\/span><\/h2><div class=\"grve-btn-wrapper\"><a href=\"http:\/\/encoigualdad.com\/index.php\/quienes-somos\/#metodoenco\" class=\"grve-btn grve-btn-small grve-square grve-bg-primary-1 grve-bg-hover-black\"><span>\u00bfC\u00d3MO LO HACEMOS?<\/span><\/a><\/div><\/div>[\/vc_column_inner][\/vc_row_inner][vc_row_inner][vc_column_inner width=\u00bb1\/2&#8243;][vc_empty_space height=\u00bb40&#8243;]<div class=\"grve-element grve-slogan grve-align-left\" style=\"\"><div class=\"grve-subtitle\">HABLAMOS SU MISMO IDIOMA<\/div><h2 class=\"grve-slogan-title grve-align-left grve-h4\"><span>CONFIANZA Y CERCAN\u00cdA<span class=\"grve-title-line grve-bg-primary-2\" style=\"width: 50px;height: 5px;\"><\/span><\/span><\/h2><div class=\"grve-btn-wrapper\"><a href=\"http:\/\/encoigualdad.com\/index.php\/quienes-somos\/\" class=\"grve-btn grve-btn-small grve-square grve-bg-primary-1 grve-bg-hover-black\"><span>SABER M\u00c1S<\/span><\/a><\/div><\/div>[\/vc_column_inner][vc_column_inner width=\u00bb1\/2&#8243;][vc_empty_space height=\u00bb40&#8243;]<div class=\"grve-element grve-slogan grve-align-left\" style=\"\"><div class=\"grve-subtitle\">ADAPTACI\u00d3N A SUS NECESIDADES<\/div><h2 class=\"grve-slogan-title grve-align-left grve-h4\"><span>FLEXIBILIDAD Y EFICACIA<span class=\"grve-title-line grve-bg-primary-2\" style=\"width: 50px;height: 5px;\"><\/span><\/span><\/h2><div class=\"grve-btn-wrapper\"><a href=\"http:\/\/encoigualdad.com\/index.php\/quienes-somos\/#metodoenco\" class=\"grve-btn grve-btn-small grve-square grve-bg-primary-1 grve-bg-hover-black\"><span>SABER M\u00c1S<\/span><\/a><\/div><\/div>[\/vc_column_inner][\/vc_row_inner][vc_row_inner][vc_column_inner width=\u00bb1\/2&#8243;][vc_empty_space height=\u00bb40&#8243;]<div class=\"grve-element grve-slogan grve-align-left\" style=\"\"><div class=\"grve-subtitle\">EL ELEMENTO DIFERENCIAL<\/div><h2 class=\"grve-slogan-title grve-align-left grve-h4\"><span>COMUNICACI\u00d3N<span class=\"grve-title-line grve-bg-primary-2\" style=\"width: 50px;height: 5px;\"><\/span><\/span><\/h2><div class=\"grve-btn-wrapper\"><a href=\"http:\/\/encoigualdad.com\/index.php\/comunicacion\/\" class=\"grve-btn grve-btn-small grve-square grve-bg-primary-1 grve-bg-hover-black\"><span>CONOCER SOLUCIONES DE COMUNICACI\u00d3N<\/span><\/a><\/div><\/div>[\/vc_column_inner][vc_column_inner width=\u00bb1\/2&#8243;][vc_empty_space height=\u00bb40&#8243;]<div class=\"grve-element grve-slogan grve-align-left\" style=\"\"><div class=\"grve-subtitle\">LA CLAVE PARA EL \u00c9XITO<\/div><h2 class=\"grve-slogan-title grve-align-left grve-h4\"><span>FORMACI\u00d3N<span class=\"grve-title-line grve-bg-primary-2\" style=\"width: 50px;height: 5px;\"><\/span><\/span><\/h2><div class=\"grve-btn-wrapper\"><a href=\"http:\/\/encoigualdad.com\/index.php\/formacion\/\" class=\"grve-btn grve-btn-small grve-square grve-bg-primary-1 grve-bg-hover-black\"><span>CONOCER PLANES DE FORMACI\u00d3N<\/span><\/a><\/div><\/div>[\/vc_column_inner][\/vc_row_inner][\/vc_column][vc_column width=\u00bb1\/3&#8243; css=\u00bb.vc_custom_1630566105242{padding-top: 10px !important;padding-right: 20px !important;padding-bottom: 10px !important;padding-left: 20px !important;background-color: #efefef !important;border-radius: 35px !important;}\u00bb]<div class=\"grve-element grve-slogan grve-align-center\" style=\"\"><div class=\"grve-subtitle\">NOTICIAS, ART\u00cdCULOS, RECURSOS, NOVEDADES<\/div><h2 class=\"grve-slogan-title grve-align-center grve-h4\"><span>ACTUALIDAD | BLOG<span class=\"grve-title-line grve-bg-primary-1\" style=\"width: 50px;height: 5px;\"><\/span><\/span><\/h2><\/div>[vc_empty_space height=\u00bb20&#8243;]\t\t<div class=\"grve-element grve-style-1 grve-blog grve-blog-columns grve-blog-grid grve-isotope grve-with-gap\" style=\"margin-bottom: 0px;\" data-columns=\"2\" data-columns-tablet-landscape=\"2\" data-columns-tablet-portrait=\"2\" data-columns-mobile=\"1\" data-layout=\"fitRows\" data-spinner=\"no\" data-gutter-size=\"10\">\r\n\t\t\t<div class=\"grve-isotope-container\">\r\n\t\t\t<article id=\"post-7101\" class=\"grve-blog-item grve-isotope-item post-7101 post type-post status-publish format-standard has-post-thumbnail hentry category-legislacion\" itemscope itemType=\"http:\/\/schema.org\/BlogPosting\">\r\n\t\t\t\t<div class=\"grve-isotope-item-inner grve-zoomIn\">\r\n\t\t\t\t\t\t\t\t\t\t\t\t\t<div class=\"grve-media grve-image-hover\">\r\n\t\t\t<a href=\"https:\/\/encoigualdad.com\/index.php\/2021\/09\/15\/donde-y-cuando-registrar-el-plan-de-igualdad\/\"><img width=\"800\" height=\"450\" src=\"https:\/\/encoigualdad.com\/wp-content\/uploads\/2021\/08\/DONDE-Y-CUANDO-REGISTRO-EL-PLAN-DE-IGUALDAD_enco_igualdad-800x450.jpg\" class=\"attachment-blade-grve-small-rect-horizontal-wide size-blade-grve-small-rect-horizontal-wide wp-post-image\" alt=\"D\u00d3NDE Y CU\u00c1NDO REGISTRO EL PLAN DE IGUALDAD_enco_igualdad\" loading=\"lazy\" srcset=\"https:\/\/encoigualdad.com\/wp-content\/uploads\/2021\/08\/DONDE-Y-CUANDO-REGISTRO-EL-PLAN-DE-IGUALDAD_enco_igualdad-800x450.jpg 800w, https:\/\/encoigualdad.com\/wp-content\/uploads\/2021\/08\/DONDE-Y-CUANDO-REGISTRO-EL-PLAN-DE-IGUALDAD_enco_igualdad-300x169.jpg 300w, https:\/\/encoigualdad.com\/wp-content\/uploads\/2021\/08\/DONDE-Y-CUANDO-REGISTRO-EL-PLAN-DE-IGUALDAD_enco_igualdad-1024x576.jpg 1024w, https:\/\/encoigualdad.com\/wp-content\/uploads\/2021\/08\/DONDE-Y-CUANDO-REGISTRO-EL-PLAN-DE-IGUALDAD_enco_igualdad-768x432.jpg 768w, https:\/\/encoigualdad.com\/wp-content\/uploads\/2021\/08\/DONDE-Y-CUANDO-REGISTRO-EL-PLAN-DE-IGUALDAD_enco_igualdad.jpg 1170w, https:\/\/encoigualdad.com\/wp-content\/uploads\/2021\/08\/DONDE-Y-CUANDO-REGISTRO-EL-PLAN-DE-IGUALDAD_enco_igualdad-600x337.jpg 600w\" sizes=\"(max-width: 800px) 100vw, 800px\" \/><\/a>\r\n\t\t<\/div>\r\n\t\t\t\t\t\t<div class=\"grve-post-content\">\r\n\t\t\t\t\t\t\t\t\t\t\t\t\t\t<ul class=\"grve-post-meta grve-small-text grve-list-divider\">\r\n\t\t\t\t\t\t\t\t\t\t<li class=\"grve-post-date\">\r\n\t\t\t<time class=\"grve-post-date\" datetime=\"2021-09-15T09:16:00+00:00\">\r\n\t\t\t\tseptiembre 15, 2021\t\t\t<\/time>\r\n\t\t<\/li>\r\n\t\t\t\t\t\t\t<\/ul>\r\n\t\t\t\t\t\t\t\t\t\t\t\t\t\t<a href=\"https:\/\/encoigualdad.com\/index.php\/2021\/09\/15\/donde-y-cuando-registrar-el-plan-de-igualdad\/\" rel=\"bookmark\"><h4 class=\"grve-post-title grve-text-hover-primary-1 grve-h5\" itemprop=\"headline\">\u00bfD\u00d3NDE Y CU\u00c1NDO REGISTRAR EL PLAN DE IGUALDAD?<\/h4><\/a>\t\t\t\t\t\t\t\t\t<span class=\"grve-hidden\">\r\n\t\t\t<span class=\"grve-structured-data entry-title\">\u00bfD\u00d3NDE Y CU\u00c1NDO REGISTRAR EL PLAN DE IGUALDAD?<\/span>\r\n\t\t\t<span class=\"grve-structured-data\" itemprop=\"image\" itemscope itemtype=\"http:\/\/schema.org\/ImageObject\">\r\n\t\t\t   <span itemprop='url' >https:\/\/encoigualdad.com\/wp-content\/uploads\/2021\/08\/DONDE-Y-CUANDO-REGISTRO-EL-PLAN-DE-IGUALDAD_enco_igualdad-1024x576.jpg<\/span>\r\n\t\t\t   <span itemprop='height' >1024<\/span>\r\n\t\t\t   <span itemprop='width' >576<\/span>\r\n\t\t\t<\/span>\r\n\t\t\t\t\t\t<span class=\"grve-structured-data vcard author\" itemprop=\"author\" itemscope itemtype=\"http:\/\/schema.org\/Person\">\r\n\t\t\t\t<span itemprop=\"name\" class=\"fn\">ENCO_IGUALDAD<\/span>\r\n\t\t\t<\/span>\r\n\t\t\t<span class=\"grve-structured-data\" itemprop=\"publisher\" itemscope itemtype=\"http:\/\/schema.org\/Organization\">\r\n\t\t\t\t<span itemprop='name'>ENCO_IGUALDAD<\/span>\r\n\t\t\t\t<span itemprop='logo' itemscope itemtype='http:\/\/schema.org\/ImageObject'>\r\n\t\t\t\t\t<span itemprop='url'>\/\/encoigualdad.com\/wp-content\/uploads\/2021\/08\/encoigualdad_color.png<\/span>\r\n\t\t\t\t<\/span>\r\n\t\t\t<\/span>\r\n\t\t\t\t\t\t<time class=\"grve-structured-data date published\" itemprop=\"datePublished\" datetime=\"2021-09-15T09:16:00+00:00\">septiembre 15, 2021<\/time>\r\n\t\t\t<time class=\"grve-structured-data date updated\" itemprop=\"dateModified\"  datetime=\"2021-09-27T09:24:05+00:00\">septiembre 27, 2021<\/time>\r\n\t\t\t<span class=\"grve-structured-data\" itemprop=\"mainEntityOfPage\" itemscope itemtype=\"http:\/\/schema.org\/WebPage\" itemid=\"https:\/\/encoigualdad.com\/index.php\/2021\/09\/15\/donde-y-cuando-registrar-el-plan-de-igualdad\/\"><\/span>\r\n\t\t<\/span><!-- END grve-hidden -->\r\n\t\t\t\t\t\t\t\t<div itemprop=\"articleBody\"><p>La\u00a0Ley de Igualdad de g\u00e9nero\u00a0-Ley 3\/2007 Art\u00edculo 46- ya recog\u00eda que es obligatorio el\u00a0registro de los planes de igualdad. Esta&hellip;<\/p><a class=\"grve-read-more grve-link-text\" href=\"https:\/\/encoigualdad.com\/index.php\/2021\/09\/15\/donde-y-cuando-registrar-el-plan-de-igualdad\/\"><span>leer m\u00e1s<\/span><\/a><\/div>\t\t\t\t\t\t\t\t\t\t\t\t\t<\/div>\r\n\t\t\t\t\t\r\n\t\t\t\t<\/div>\t\t\t<\/article>\r\n\r\n\t\t\t<article id=\"post-7093\" class=\"grve-blog-item grve-isotope-item post-7093 post type-post status-publish format-standard has-post-thumbnail hentry category-legislacion\" itemscope itemType=\"http:\/\/schema.org\/BlogPosting\">\r\n\t\t\t\t<div class=\"grve-isotope-item-inner grve-zoomIn\">\r\n\t\t\t\t\t\t\t\t\t\t\t\t\t<div class=\"grve-media grve-image-hover\">\r\n\t\t\t<a href=\"https:\/\/encoigualdad.com\/index.php\/2021\/08\/30\/legislacion-y-planes-de-igualdad\/\"><img width=\"800\" height=\"450\" src=\"https:\/\/encoigualdad.com\/wp-content\/uploads\/2021\/08\/LEGISLACION-Y-PLANES-DE-IGUALDAD_enco_igualdad-800x450.jpg\" class=\"attachment-blade-grve-small-rect-horizontal-wide size-blade-grve-small-rect-horizontal-wide wp-post-image\" alt=\"LEGISLACI\u00d3N Y PLANES DE IGUALDAD_enco_igualdad\" loading=\"lazy\" srcset=\"https:\/\/encoigualdad.com\/wp-content\/uploads\/2021\/08\/LEGISLACION-Y-PLANES-DE-IGUALDAD_enco_igualdad-800x450.jpg 800w, https:\/\/encoigualdad.com\/wp-content\/uploads\/2021\/08\/LEGISLACION-Y-PLANES-DE-IGUALDAD_enco_igualdad-300x169.jpg 300w, https:\/\/encoigualdad.com\/wp-content\/uploads\/2021\/08\/LEGISLACION-Y-PLANES-DE-IGUALDAD_enco_igualdad-1024x576.jpg 1024w, https:\/\/encoigualdad.com\/wp-content\/uploads\/2021\/08\/LEGISLACION-Y-PLANES-DE-IGUALDAD_enco_igualdad-768x432.jpg 768w, https:\/\/encoigualdad.com\/wp-content\/uploads\/2021\/08\/LEGISLACION-Y-PLANES-DE-IGUALDAD_enco_igualdad.jpg 1170w, https:\/\/encoigualdad.com\/wp-content\/uploads\/2021\/08\/LEGISLACION-Y-PLANES-DE-IGUALDAD_enco_igualdad-600x337.jpg 600w\" sizes=\"(max-width: 800px) 100vw, 800px\" \/><\/a>\r\n\t\t<\/div>\r\n\t\t\t\t\t\t<div class=\"grve-post-content\">\r\n\t\t\t\t\t\t\t\t\t\t\t\t\t\t<ul class=\"grve-post-meta grve-small-text grve-list-divider\">\r\n\t\t\t\t\t\t\t\t\t\t<li class=\"grve-post-date\">\r\n\t\t\t<time class=\"grve-post-date\" datetime=\"2021-08-30T08:09:00+00:00\">\r\n\t\t\t\tagosto 30, 2021\t\t\t<\/time>\r\n\t\t<\/li>\r\n\t\t\t\t\t\t\t<\/ul>\r\n\t\t\t\t\t\t\t\t\t\t\t\t\t\t<a href=\"https:\/\/encoigualdad.com\/index.php\/2021\/08\/30\/legislacion-y-planes-de-igualdad\/\" rel=\"bookmark\"><h4 class=\"grve-post-title grve-text-hover-primary-1 grve-h5\" itemprop=\"headline\">LEGISLACI\u00d3N Y PLANES DE IGUALDAD<\/h4><\/a>\t\t\t\t\t\t\t\t\t<span class=\"grve-hidden\">\r\n\t\t\t<span class=\"grve-structured-data entry-title\">LEGISLACI\u00d3N Y PLANES DE IGUALDAD<\/span>\r\n\t\t\t<span class=\"grve-structured-data\" itemprop=\"image\" itemscope itemtype=\"http:\/\/schema.org\/ImageObject\">\r\n\t\t\t   <span itemprop='url' >https:\/\/encoigualdad.com\/wp-content\/uploads\/2021\/08\/LEGISLACION-Y-PLANES-DE-IGUALDAD_enco_igualdad-1024x576.jpg<\/span>\r\n\t\t\t   <span itemprop='height' >1024<\/span>\r\n\t\t\t   <span itemprop='width' >576<\/span>\r\n\t\t\t<\/span>\r\n\t\t\t\t\t\t<span class=\"grve-structured-data vcard author\" itemprop=\"author\" itemscope itemtype=\"http:\/\/schema.org\/Person\">\r\n\t\t\t\t<span itemprop=\"name\" class=\"fn\">ENCO_IGUALDAD<\/span>\r\n\t\t\t<\/span>\r\n\t\t\t<span class=\"grve-structured-data\" itemprop=\"publisher\" itemscope itemtype=\"http:\/\/schema.org\/Organization\">\r\n\t\t\t\t<span itemprop='name'>ENCO_IGUALDAD<\/span>\r\n\t\t\t\t<span itemprop='logo' itemscope itemtype='http:\/\/schema.org\/ImageObject'>\r\n\t\t\t\t\t<span itemprop='url'>\/\/encoigualdad.com\/wp-content\/uploads\/2021\/08\/encoigualdad_color.png<\/span>\r\n\t\t\t\t<\/span>\r\n\t\t\t<\/span>\r\n\t\t\t\t\t\t<time class=\"grve-structured-data date published\" itemprop=\"datePublished\" datetime=\"2021-08-30T08:09:00+00:00\">agosto 30, 2021<\/time>\r\n\t\t\t<time class=\"grve-structured-data date updated\" itemprop=\"dateModified\"  datetime=\"2021-09-27T09:23:59+00:00\">septiembre 27, 2021<\/time>\r\n\t\t\t<span class=\"grve-structured-data\" itemprop=\"mainEntityOfPage\" itemscope itemtype=\"http:\/\/schema.org\/WebPage\" itemid=\"https:\/\/encoigualdad.com\/index.php\/2021\/08\/30\/legislacion-y-planes-de-igualdad\/\"><\/span>\r\n\t\t<\/span><!-- END grve-hidden -->\r\n\t\t\t\t\t\t\t\t<div itemprop=\"articleBody\"><p>El desarrollo de las pol\u00edticas de igualdad en las empresas tiene su m\u00e1ximo exponente en los planes de igualdad como&hellip;<\/p><a class=\"grve-read-more grve-link-text\" href=\"https:\/\/encoigualdad.com\/index.php\/2021\/08\/30\/legislacion-y-planes-de-igualdad\/\"><span>leer m\u00e1s<\/span><\/a><\/div>\t\t\t\t\t\t\t\t\t\t\t\t\t<\/div>\r\n\t\t\t\t\t\r\n\t\t\t\t<\/div>\t\t\t<\/article>\r\n\r\n\t\t\t<\/div>\r\n\t\t<\/div>\r\n<div class=\"grve-element grve-hr \" style=\"padding-bottom: 20px;\"><div class=\"grve-line-divider\"><\/div><\/div><div class=\"grve-element grve-align-center\"><a href=\"http:\/\/encoigualdad.com\/index.php\/blog\/\" class=\"grve-btn grve-btn-small grve-square grve-bg-primary-1 grve-bg-hover-black\" style=\"margin-bottom: 10px;\"><span>VER TODOS LOS ART\u00cdCULOS Y NOTICIAS<\/span><\/a><\/div>[\/vc_column][\/vc_row][vc_row margin_bottom=\u00bb0&#8243;][vc_column]<div class=\"grve-element grve-hr \" style=\"padding-bottom: 30px;\"><div class=\"grve-line-divider\"><\/div><\/div><div class=\"grve-element grve-slogan grve-align-center\" style=\"\"><div class=\"grve-subtitle\">TODA LO QUE DEBE DE SABER SOBRE PLANES DE IGUALDAD EN SU MAIL<\/div><h4 class=\"grve-slogan-title grve-align-center grve-h4\"><span>SUSCR\u00cdBASE A NUESTRO NEWSLETTER<span class=\"grve-title-line grve-bg-primary-1\" style=\"width: 50px;height: 5px;\"><\/span><\/span><\/h4><\/div>[vc_column_text]<\/p>\n<p style=\"text-align: justify;\">Si desea estar al tanto de actualidad sobre Planes de Igualdad y conocer nuevos servicios y cursos que vamos ofreciendo, suscr\u00edbase a nuestro newsletter ENCONEWS.<\/p>\n<p>[\/vc_column_text]<div role=\"form\" class=\"wpcf7\" id=\"wpcf7-f6718-o1\" lang=\"en-US\" dir=\"ltr\">\n<div class=\"screen-reader-response\"><p role=\"status\" aria-live=\"polite\" aria-atomic=\"true\"><\/p> <ul><\/ul><\/div>\n<form action=\"\/index.php\/wp-json\/wp\/v2\/pages\/6443#wpcf7-f6718-o1\" method=\"post\" class=\"wpcf7-form init\" novalidate=\"novalidate\" data-status=\"init\">\n<div style=\"display: none;\">\n<input type=\"hidden\" name=\"_wpcf7\" value=\"6718\" \/>\n<input type=\"hidden\" name=\"_wpcf7_version\" value=\"5.4.2\" \/>\n<input type=\"hidden\" name=\"_wpcf7_locale\" value=\"en_US\" \/>\n<input type=\"hidden\" name=\"_wpcf7_unit_tag\" value=\"wpcf7-f6718-o1\" \/>\n<input type=\"hidden\" name=\"_wpcf7_container_post\" value=\"0\" \/>\n<input type=\"hidden\" name=\"_wpcf7_posted_data_hash\" value=\"\" \/>\n<\/div>\n<div class=\"grve-form-style-3\">\n<div class=\"grve-one-third\"><span class=\"wpcf7-form-control-wrap your-name\"><input type=\"text\" name=\"your-name\" value=\"\" size=\"40\" class=\"wpcf7-form-control wpcf7-text wpcf7-validates-as-required\" aria-required=\"true\" aria-invalid=\"false\" placeholder=\"NOMBRE (*)\" \/><\/span><\/div>\n<div class=\"grve-one-third\"><span class=\"wpcf7-form-control-wrap your-email\"><input type=\"email\" name=\"your-email\" value=\"\" size=\"40\" class=\"wpcf7-form-control wpcf7-text wpcf7-email wpcf7-validates-as-required wpcf7-validates-as-email\" aria-required=\"true\" aria-invalid=\"false\" placeholder=\"MAIL (*)\" \/><\/span><\/div>\n<div class=\"grve-one-third grve-last-column\"><input type=\"submit\" value=\"SUSCRIBIRME\" class=\"wpcf7-form-control wpcf7-submit\" \/><\/div>\n<\/div>\n<div class=\"wpcf7-response-output\" aria-hidden=\"true\"><\/div><\/form><\/div>[\/vc_column][\/vc_row][vc_row heading_color=\u00bblight\u00bb bg_type=\u00bbimage\u00bb bg_image=\u00bb6993&#8243; bg_image_type=\u00bbparallax\u00bb bg_image_size=\u00bbfull\u00bb color_overlay=\u00bbdark\u00bb opacity_overlay=\u00bb50&#8243; footer_feature=\u00bbyes\u00bb padding_top=\u00bb120&#8243; padding_bottom=\u00bb120&#8243; margin_bottom=\u00bb0&#8243; font_color=\u00bbrgba(255,255,255,0.63)\u00bb][vc_column css=\u00bb.vc_custom_1444673419444{padding-right: 15% !important;padding-left: 15% !important;}\u00bb]<div class=\"grve-element grve-slogan grve-align-center\" style=\"\"><div class=\"grve-subtitle\">Estudio y propuesta sin compromiso<\/div><h2 class=\"grve-slogan-title grve-align-center grve-h3\"><span>ESCUCHAMOS SUS NECESIDADES Y LE OFRECEMOS UNA PROPUESTA A MEDIDA<\/span><\/h2><div class=\"grve-btn-wrapper\"><a href=\"mailto:info@encoigualdad.com\" class=\"grve-btn grve-btn-small grve-square grve-bg-white grve-bg-hover-primary-1 grve-btn-line\"><span>CONS\u00daLTENOS<\/span><\/a><\/div><\/div>[\/vc_column][\/vc_row]<\/p>\n","protected":false},"excerpt":{"rendered":"<p>[vc_row section_type=\u00bbfullwidth\u00bb header_feature=\u00bbyes\u00bb padding_bottom=\u00bb0&#8243;][vc_column][rev_slider_vc alias=\u00bbhomepage-slider-1&#8243;][\/vc_column][\/vc_row][vc_row padding_top=\u00bb50&#8243; padding_bottom=\u00bb50&#8243; margin_bottom=\u00bb0&#8243;][vc_column width=\u00bb2\/3&#8243;][vc_column_text text_style=\u00bbsubtitle\u00bb] Somos la \u00fanica agencia de comunicaci\u00f3n con un equipo certificado para la realizaci\u00f3n de planes de igualdad lo que nos aporta un alto valor a\u00f1adido en estrategia y flexibilidad que se suma al profundo conocimiento de las empresas despu\u00e9s de casi 20 a\u00f1os trabajando con [&hellip;]<\/p>\n","protected":false},"author":1,"featured_media":0,"parent":0,"menu_order":0,"comment_status":"closed","ping_status":"closed","template":"","meta":[],"yoast_head":"<!-- This site is optimized with the Yoast SEO plugin v17.2.1 - https:\/\/yoast.com\/wordpress\/plugins\/seo\/ -->\n<title>INICIO - ENCO_IGUALDAD<\/title>\n<meta name=\"robots\" content=\"index, follow, max-snippet:-1, max-image-preview:large, max-video-preview:-1\" \/>\n<link rel=\"canonical\" href=\"https:\/\/encoigualdad.com\/\" \/>\n<meta property=\"og:locale\" content=\"es_ES\" \/>\n<meta property=\"og:type\" content=\"article\" \/>\n<meta property=\"og:title\" content=\"INICIO - ENCO_IGUALDAD\" \/>\n<meta property=\"og:description\" content=\"[vc_row section_type=\u00bbfullwidth\u00bb header_feature=\u00bbyes\u00bb padding_bottom=\u00bb0&#8243;][vc_column][rev_slider_vc alias=\u00bbhomepage-slider-1&#8243;][\/vc_column][\/vc_row][vc_row padding_top=\u00bb50&#8243; padding_bottom=\u00bb50&#8243; margin_bottom=\u00bb0&#8243;][vc_column width=\u00bb2\/3&#8243;][vc_column_text text_style=\u00bbsubtitle\u00bb] Somos la \u00fanica agencia de comunicaci\u00f3n con un equipo certificado para la realizaci\u00f3n de planes de igualdad lo que nos aporta un alto valor a\u00f1adido en estrategia y flexibilidad que se suma al profundo conocimiento de las empresas despu\u00e9s de casi 20 a\u00f1os trabajando con [&hellip;]\" \/>\n<meta property=\"og:url\" content=\"https:\/\/encoigualdad.com\/\" \/>\n<meta property=\"og:site_name\" content=\"ENCO_IGUALDAD\" \/>\n<meta property=\"article:modified_time\" content=\"2021-09-28T08:18:58+00:00\" \/>\n<meta name=\"twitter:card\" content=\"summary_large_image\" \/>\n<meta name=\"twitter:label1\" content=\"Tiempo de lectura\" \/>\n\t<meta name=\"twitter:data1\" content=\"2 minutos\" \/>\n<script type=\"application\/ld+json\" class=\"yoast-schema-graph\">{\"@context\":\"https:\/\/schema.org\",\"@graph\":[{\"@type\":\"WebSite\",\"@id\":\"https:\/\/encoigualdad.com\/#website\",\"url\":\"https:\/\/encoigualdad.com\/\",\"name\":\"ENCO_IGUALDAD\",\"description\":\"PLANES DE IGUALDAD PARA EMPRESAS\",\"potentialAction\":[{\"@type\":\"SearchAction\",\"target\":{\"@type\":\"EntryPoint\",\"urlTemplate\":\"https:\/\/encoigualdad.com\/?s={search_term_string}\"},\"query-input\":\"required name=search_term_string\"}],\"inLanguage\":\"es\"},{\"@type\":\"WebPage\",\"@id\":\"https:\/\/encoigualdad.com\/#webpage\",\"url\":\"https:\/\/encoigualdad.com\/\",\"name\":\"INICIO - ENCO_IGUALDAD\",\"isPartOf\":{\"@id\":\"https:\/\/encoigualdad.com\/#website\"},\"datePublished\":\"2015-10-10T16:43:30+00:00\",\"dateModified\":\"2021-09-28T08:18:58+00:00\",\"breadcrumb\":{\"@id\":\"https:\/\/encoigualdad.com\/#breadcrumb\"},\"inLanguage\":\"es\",\"potentialAction\":[{\"@type\":\"ReadAction\",\"target\":[\"https:\/\/encoigualdad.com\/\"]}]},{\"@type\":\"BreadcrumbList\",\"@id\":\"https:\/\/encoigualdad.com\/#breadcrumb\",\"itemListElement\":[{\"@type\":\"ListItem\",\"position\":1,\"name\":\"Portada\",\"item\":\"https:\/\/encoigualdad.com\/\"},{\"@type\":\"ListItem\",\"position\":2,\"name\":\"INICIO\"}]}]}<\/script>\n<!-- \/ Yoast SEO plugin. -->","yoast_head_json":{"title":"INICIO - ENCO_IGUALDAD","robots":{"index":"index","follow":"follow","max-snippet":"max-snippet:-1","max-image-preview":"max-image-preview:large","max-video-preview":"max-video-preview:-1"},"canonical":"https:\/\/encoigualdad.com\/","og_locale":"es_ES","og_type":"article","og_title":"INICIO - ENCO_IGUALDAD","og_description":"[vc_row section_type=\u00bbfullwidth\u00bb header_feature=\u00bbyes\u00bb padding_bottom=\u00bb0&#8243;][vc_column][rev_slider_vc alias=\u00bbhomepage-slider-1&#8243;][\/vc_column][\/vc_row][vc_row padding_top=\u00bb50&#8243; padding_bottom=\u00bb50&#8243; margin_bottom=\u00bb0&#8243;][vc_column width=\u00bb2\/3&#8243;][vc_column_text text_style=\u00bbsubtitle\u00bb] Somos la \u00fanica agencia de comunicaci\u00f3n con un equipo certificado para la realizaci\u00f3n de planes de igualdad lo que nos aporta un alto valor a\u00f1adido en estrategia y flexibilidad que se suma al profundo conocimiento de las empresas despu\u00e9s de casi 20 a\u00f1os trabajando con [&hellip;]","og_url":"https:\/\/encoigualdad.com\/","og_site_name":"ENCO_IGUALDAD","article_modified_time":"2021-09-28T08:18:58+00:00","twitter_card":"summary_large_image","twitter_misc":{"Tiempo de lectura":"2 minutos"},"schema":{"@context":"https:\/\/schema.org","@graph":[{"@type":"WebSite","@id":"https:\/\/encoigualdad.com\/#website","url":"https:\/\/encoigualdad.com\/","name":"ENCO_IGUALDAD","description":"PLANES DE IGUALDAD PARA EMPRESAS","potentialAction":[{"@type":"SearchAction","target":{"@type":"EntryPoint","urlTemplate":"https:\/\/encoigualdad.com\/?s={search_term_string}"},"query-input":"required name=search_term_string"}],"inLanguage":"es"},{"@type":"WebPage","@id":"https:\/\/encoigualdad.com\/#webpage","url":"https:\/\/encoigualdad.com\/","name":"INICIO - ENCO_IGUALDAD","isPartOf":{"@id":"https:\/\/encoigualdad.com\/#website"},"datePublished":"2015-10-10T16:43:30+00:00","dateModified":"2021-09-28T08:18:58+00:00","breadcrumb":{"@id":"https:\/\/encoigualdad.com\/#breadcrumb"},"inLanguage":"es","potentialAction":[{"@type":"ReadAction","target":["https:\/\/encoigualdad.com\/"]}]},{"@type":"BreadcrumbList","@id":"https:\/\/encoigualdad.com\/#breadcrumb","itemListElement":[{"@type":"ListItem","position":1,"name":"Portada","item":"https:\/\/encoigualdad.com\/"},{"@type":"ListItem","position":2,"name":"INICIO"}]}]}},"_links":{"self":[{"href":"https:\/\/encoigualdad.com\/index.php\/wp-json\/wp\/v2\/pages\/6443"}],"collection":[{"href":"https:\/\/encoigualdad.com\/index.php\/wp-json\/wp\/v2\/pages"}],"about":[{"href":"https:\/\/encoigualdad.com\/index.php\/wp-json\/wp\/v2\/types\/page"}],"author":[{"embeddable":true,"href":"https:\/\/encoigualdad.com\/index.php\/wp-json\/wp\/v2\/users\/1"}],"replies":[{"embeddable":true,"href":"https:\/\/encoigualdad.com\/index.php\/wp-json\/wp\/v2\/comments?post=6443"}],"version-history":[{"count":93,"href":"https:\/\/encoigualdad.com\/index.php\/wp-json\/wp\/v2\/pages\/6443\/revisions"}],"predecessor-version":[{"id":7271,"href":"https:\/\/encoigualdad.com\/index.php\/wp-json\/wp\/v2\/pages\/6443\/revisions\/7271"}],"wp:attachment":[{"href":"https:\/\/encoigualdad.com\/index.php\/wp-json\/wp\/v2\/media?parent=6443"}],"curies":[{"name":"wp","href":"https:\/\/api.w.org\/{rel}","templated":true}]}}