{"id":7258,"date":"2021-09-27T12:17:38","date_gmt":"2021-09-27T12:17:38","guid":{"rendered":"http:\/\/encoigualdad.com\/?page_id=7258"},"modified":"2021-09-27T12:36:19","modified_gmt":"2021-09-27T12:36:19","slug":"aviso-legal","status":"publish","type":"page","link":"https:\/\/encoigualdad.com\/index.php\/aviso-legal\/","title":{"rendered":"AVISO LEGAL"},"content":{"rendered":"\n<h3><strong>1.&nbsp;<\/strong><strong>Datos de la empresa<\/strong><\/h3>\n\n\n\n<p>En cumplimiento del art\u00edculo 10 de la Ley 34\/2002, de 11 de&nbsp; julio, de Servicios de la Sociedad de la Informaci\u00f3n y Comercio Electr\u00f3nico, a continuaci\u00f3n se exponen los datos identificativos de la empresa.<\/p>\n\n\n\n<p><li>Denominaci\u00f3n:\u00a0<strong>NC ENCOMUNICACI\u00d3N SL<\/strong><\/li><\/p>\n\n\n\n<p><li>C.I.F.\/N.I.F.:\u00a0<strong>B31831282<\/strong><\/li><\/p>\n\n\n\n<p><li>Domicilio Social:\u00a0<strong>Plaza de la Constituci\u00f3n 12 bajo. 31600 Burlada (Navarra)<\/strong><\/li><\/p>\n\n\n\n<p><li>Tel\u00e9fono:\u00a0<strong>948257700<\/strong><\/li><\/p>\n\n\n\n<p><li>Correo electr\u00f3nico: <a href=\"mailto:info@encoigualdad.com\">info@encoigualdad.com<\/a><\/li><\/p>\n\n\n\n<p><\/p>\n\n\n\n<h3><strong>2. Propiedad intelectual<\/strong><\/h3>\n\n\n\n<p>El c\u00f3digo fuente, los dise\u00f1os gr\u00e1ficos, las im\u00e1genes, las fotograf\u00edas, los sonidos, las animaciones, el software, los textos, as\u00ed como la informaci\u00f3n y los contenidos que se recogen en el presente sitio web est\u00e1n protegidos por la legislaci\u00f3n espa\u00f1ola sobre los derechos de propiedad intelectual e industrial a favor de&nbsp;<strong style=\"font-family: inherit; font-size: inherit; font-style: inherit; font-variant-caps: inherit; letter-spacing: 0.7px;\">NC ENCOMUNICACI\u00d3N SL<\/strong>&nbsp;y no se permite la reproducci\u00f3n y\/o publicaci\u00f3n, total o parcial, del sitio web, ni su tratamiento inform\u00e1tico, su distribuci\u00f3n, su difusi\u00f3n, ni su modificaci\u00f3n, transformaci\u00f3n o descompilaci\u00f3n, ni dem\u00e1s derechos reconocidos legalmente a su titular, sin el permiso previo y por escrito del mismo&nbsp;<strong style=\"font-family: inherit; font-size: inherit; font-style: inherit; font-variant-caps: inherit; letter-spacing: 0.7px;\">NC ENCOMUNICACI\u00d3N SL<\/strong><\/p>\n\n\n\n<p>El usuario, \u00fanica y exclusivamente, puede utilizar el material que aparezca en este sitio web para su uso personal y privado, quedando prohibido su uso con fines comerciales o para incurrir en actividades il\u00edcitas. Todos los derechos derivados de la propiedad intelectual est\u00e1n expresamente reservados por&nbsp;<strong><strong style=\"font-family: inherit; font-size: inherit; font-style: inherit; font-variant-caps: inherit; letter-spacing: 0.7px;\">NC ENCOMUNICACI\u00d3N SL<\/strong><\/strong><\/p>\n\n\n\n<p><strong><strong><strong style=\"font-family: inherit; font-size: inherit; font-style: inherit; font-variant-caps: inherit; letter-spacing: 0.7px;\">NC ENCOMUNICACI\u00d3N SL<\/strong><\/strong><\/strong>&nbsp;velar\u00e1 por el cumplimiento de las anteriores condiciones como por la debida utilizaci\u00f3n de los contenidos presentados en sus p\u00e1ginas web, ejercit\u00e1ndose todas las acciones civiles y penales que le correspondan en el caso de infracci\u00f3n o incumplimiento de estos derechos por parte del usuario.<\/p>\n\n\n\n<h3><strong>3. Protecci\u00f3n de datos de car\u00e1cter personal<\/strong><\/h3>\n\n\n\n<p>Encontrar\u00e1 informaci\u00f3n detallada sobre el tratamiento de sus datos personales en el apartado \u201cpol\u00edtica de privacidad\u201d en esta misma web.<\/p>\n\n\n\n<h3><strong>4. Varios<\/strong><\/h3>\n\n\n\n<p><strong>A.<\/strong>\u2013&nbsp;<strong><strong><strong style=\"font-family: inherit; font-size: inherit; font-style: inherit; font-variant-caps: inherit; letter-spacing: 0.7px;\">NC ENCOMUNICACI\u00d3N SL<\/strong><\/strong><\/strong>&nbsp;podr\u00e1 modificar, sin previo aviso, la informaci\u00f3n contenida en su sitio web, as\u00ed como su configuraci\u00f3n y presentaci\u00f3n.<\/p>\n\n\n\n<p><strong>B.<\/strong>\u2013&nbsp;<strong><strong><strong style=\"font-family: inherit; font-size: inherit; font-style: inherit; font-variant-caps: inherit; letter-spacing: 0.7px;\">NC ENCOMUNICACI\u00d3N SL<\/strong><\/strong><\/strong>&nbsp;se compromete a trav\u00e9s de este medio a NO REALIZAR PUBLICIDAD ENGA\u00d1OSA. A estos efectos, por lo tanto, no ser\u00e1n considerados como publicidad enga\u00f1osa los errores formales o num\u00e9ricos que puedan encontrarse a lo largo del contenido de las distintas secciones de la web de&nbsp;<strong><strong><strong style=\"font-family: inherit; font-size: inherit; font-style: inherit; font-variant-caps: inherit; letter-spacing: 0.7px;\">NC ENCOMUNICACI\u00d3N SL<\/strong><\/strong><\/strong> producidos como consecuencia de un mantenimiento y\/o actualizaci\u00f3n incompleta o defectuosa de la informaci\u00f3n contenida en estas secciones.&nbsp;<strong>E<strong><strong style=\"font-family: inherit; font-size: inherit; font-style: inherit; font-variant-caps: inherit; letter-spacing: 0.7px;\">NC ENCOMUNICACI\u00d3N SL<\/strong><\/strong><\/strong> como consecuencia de lo dispuesto en este apartado, se compromete a corregirlo tan pronto como tenga conocimiento de dichos errores.<\/p>\n\n\n\n<p><strong>C<\/strong>.-&nbsp;<strong><strong><strong style=\"font-family: inherit; font-size: inherit; font-style: inherit; font-variant-caps: inherit; letter-spacing: 0.7px;\">NC ENCOMUNICACI\u00d3N SL<\/strong><\/strong><\/strong>&nbsp;se compromete a NO REMITIR COMUNICACIONES COMERCIALES SIN IDENTIFICARLAS COMO TALES, conforme a lo dispuesto en la Ley 34\/2002 de Servicios de la Sociedad de la Informaci\u00f3n y de comercio electr\u00f3nico. A estos efectos no ser\u00e1 considerado como comunicaci\u00f3n comercial toda la informaci\u00f3n que se env\u00ede a LOS CLIENTES de&nbsp;<strong><strong><strong style=\"font-family: inherit; font-size: inherit; font-style: inherit; font-variant-caps: inherit; letter-spacing: 0.7px;\">NC ENCOMUNICACI\u00d3N SL<\/strong><\/strong><\/strong>&nbsp;siempre que tenga por finalidad el mantenimiento de la relaci\u00f3n contractual existente entre cliente y&nbsp;<strong><strong><strong style=\"font-family: inherit; font-size: inherit; font-style: inherit; font-variant-caps: inherit; letter-spacing: 0.7px;\">NC ENCOMUNICACI\u00d3N SL<\/strong><\/strong><\/strong>, as\u00ed como el desempe\u00f1o de las tareas de informaci\u00f3n, formaci\u00f3n y otras actividades propias del servicio que el cliente tiene contratado con la empresa.<\/p>\n\n\n\n<p><strong>D.<\/strong>\u2013&nbsp;<strong><strong><strong style=\"font-family: inherit; font-size: inherit; font-style: inherit; font-variant-caps: inherit; letter-spacing: 0.7px;\">NC ENCOMUNICACI\u00d3N SL<\/strong><\/strong><\/strong>&nbsp;no se hace responsable del incumplimiento de cualquier norma aplicable en que pueda incurrir el usuario en su acceso al sitio web el presente sitio web y\/o en el uso de las informaciones contenidas en el mismo.<\/p>\n\n\n\n<p><strong>E.<\/strong>\u2013&nbsp;<strong><strong><strong style=\"font-family: inherit; font-size: inherit; font-style: inherit; font-variant-caps: inherit; letter-spacing: 0.7px;\">NC ENCOMUNICACI\u00d3N SL<\/strong><\/strong><\/strong>&nbsp;no ser\u00e1 responsable de los da\u00f1os y perjuicios producidos o que puedan producirse, cualquiera que sea su naturaleza, que se deriven del uso de la informaci\u00f3n, de las materias contenidas en este web site y de los programas que incorpora. Los enlaces (links) e hipertexto que posibiliten, a trav\u00e9s del sitio web el presente sitio web, acceder al usuario a prestaciones y servicios ofrecidos por terceros, no pertenecen ni se encuentran bajo el control de&nbsp;<strong><strong><strong style=\"font-family: inherit; font-size: inherit; font-style: inherit; font-variant-caps: inherit; letter-spacing: 0.7px;\">NC ENCOMUNICACI\u00d3N SL<\/strong><\/strong><\/strong>; dicha entidad no se hace responsable ni de la informaci\u00f3n contenida en los mismos, ni de cualesquiera efectos que pudieran derivarse de dicha informaci\u00f3n.<\/p>\n\n\n\n<p><strong>F.<\/strong>\u2013&nbsp;<strong><strong><strong style=\"font-family: inherit; font-size: inherit; font-style: inherit; font-variant-caps: inherit; letter-spacing: 0.7px;\">NC ENCOMUNICACI\u00d3N SL<\/strong><\/strong><\/strong>&nbsp;no se hace responsable del uso ileg\u00edtimo que terceras personas puedan hacer de los nombres de marca, nombres de producto, marcas comerciales que, no siendo propiedad de dicha entidad, aparezcan en el presente sitio web. Tampoco se responsabiliza de la integridad, veracidad y licitud del contenido de los enlaces a las webs a las que pueda accederse desde el presente sitio web.<\/p>\n\n\n\n<h3><strong>2. Propiedad intelectual<\/strong><\/h3>\n\n\n\n<p>El c\u00f3digo fuente, los dise\u00f1os gr\u00e1ficos, las im\u00e1genes, las fotograf\u00edas, los sonidos, las animaciones, el software, los textos, as\u00ed como la informaci\u00f3n y los contenidos que se recogen en el presente sitio web est\u00e1n protegidos por la legislaci\u00f3n espa\u00f1ola sobre los derechos de propiedad intelectual e industrial a favor de\u00a0<strong><strong style=\"font-family: inherit; font-size: inherit; font-style: inherit; font-variant-caps: inherit; letter-spacing: 0.7px;\">NC ENCOMUNICACI\u00d3N SL<\/strong><\/strong>\u00a0y no se permite la reproducci\u00f3n y\/o publicaci\u00f3n, total o parcial, del sitio web, ni su tratamiento inform\u00e1tico, su distribuci\u00f3n, su difusi\u00f3n, ni su modificaci\u00f3n, transformaci\u00f3n o descompilaci\u00f3n, ni dem\u00e1s derechos reconocidos legalmente a su titular, sin el permiso previo y por escrito del mismo\u00a0<strong><strong><strong style=\"font-family: inherit; font-size: inherit; font-style: inherit; font-variant-caps: inherit; letter-spacing: 0.7px;\">NC ENCOMUNICACI\u00d3N SL<\/strong><\/strong><\/strong><\/p>\n\n\n\n<p>El usuario, \u00fanica y exclusivamente, puede utilizar el material que aparezca en este sitio web para su uso personal y privado, quedando prohibido su uso con fines comerciales o para incurrir en actividades il\u00edcitas. Todos los derechos derivados de la propiedad intelectual est\u00e1n expresamente reservados por&nbsp;<strong><strong><strong style=\"font-family: inherit; font-size: inherit; font-style: inherit; font-variant-caps: inherit; letter-spacing: 0.7px;\">NC ENCOMUNICACI\u00d3N SL<\/strong><\/strong><\/strong><\/p>\n\n\n\n<p><strong><strong><strong style=\"font-family: inherit; font-size: inherit; font-style: inherit; font-variant-caps: inherit; letter-spacing: 0.7px;\">NC ENCOMUNICACI\u00d3N SL<\/strong><\/strong><\/strong>&nbsp;velar\u00e1 por el cumplimiento de las anteriores condiciones como por la debida utilizaci\u00f3n de los contenidos presentados en sus p\u00e1ginas web, ejercit\u00e1ndose todas las acciones civiles y penales que le correspondan en el caso de infracci\u00f3n o incumplimiento de estos derechos por parte del usuario.<\/p>\n\n\n\n<h3><strong>3. Protecci\u00f3n de datos de car\u00e1cter personal<\/strong><\/h3>\n\n\n\n<p>Encontrar\u00e1 informaci\u00f3n detallada sobre el tratamiento de sus datos personales en el apartado \u201cdeclaraci\u00f3n de privacidad extensa\u201d en esta misma web.<\/p>\n\n\n\n<h3><strong>4. Varios<\/strong><\/h3>\n\n\n\n<p><strong>A.<\/strong>\u2013&nbsp;<strong><strong><strong style=\"font-family: inherit; font-size: inherit; font-style: inherit; font-variant-caps: inherit; letter-spacing: 0.7px;\">NC ENCOMUNICACI\u00d3N SL<\/strong><\/strong><\/strong>&nbsp;podr\u00e1 modificar, sin previo aviso, la informaci\u00f3n contenida en su sitio web, as\u00ed como su configuraci\u00f3n y presentaci\u00f3n.<\/p>\n\n\n\n<p><strong>B.<\/strong>\u2013\u00a0<strong><strong><strong style=\"font-family: inherit; font-size: inherit; font-style: inherit; font-variant-caps: inherit; letter-spacing: 0.7px;\">NC ENCOMUNICACI\u00d3N SL<\/strong><\/strong><\/strong>\u00a0se compromete a trav\u00e9s de este medio a NO REALIZAR PUBLICIDAD ENGA\u00d1OSA. A estos efectos, por lo tanto, no ser\u00e1n considerados como publicidad enga\u00f1osa los errores formales o num\u00e9ricos que puedan encontrarse a lo largo del contenido de las distintas secciones de la web de\u00a0<strong><strong><strong style=\"font-family: inherit; font-size: inherit; font-style: inherit; font-variant-caps: inherit; letter-spacing: 0.7px;\">NC ENCOMUNICACI\u00d3N SL<\/strong><\/strong><\/strong> producidos como consecuencia de un mantenimiento y\/o actualizaci\u00f3n incompleta o defectuosa de la informaci\u00f3n contenida en estas secciones.\u00a0<strong><strong><strong style=\"font-family: inherit; font-size: inherit; font-style: inherit; font-variant-caps: inherit; letter-spacing: 0.7px;\">NC ENCOMUNICACI\u00d3N SL<\/strong><\/strong><\/strong> como consecuencia de lo dispuesto en este apartado, se compromete a corregirlo tan pronto como tenga conocimiento de dichos errores.<\/p>\n\n\n\n<p><strong>C<\/strong>.-&nbsp;<strong><strong><strong style=\"font-family: inherit; font-size: inherit; font-style: inherit; font-variant-caps: inherit; letter-spacing: 0.7px;\">NC ENCOMUNICACI\u00d3N SL<\/strong><\/strong><\/strong>&nbsp;se compromete a NO REMITIR COMUNICACIONES COMERCIALES SIN IDENTIFICARLAS COMO TALES, conforme a lo dispuesto en la Ley 34\/2002 de Servicios de la Sociedad de la Informaci\u00f3n y de comercio electr\u00f3nico. A estos efectos no ser\u00e1 considerado como comunicaci\u00f3n comercial toda la informaci\u00f3n que se env\u00ede a LOS CLIENTES de&nbsp;<strong><strong><strong style=\"font-family: inherit; font-size: inherit; font-style: inherit; font-variant-caps: inherit; letter-spacing: 0.7px;\">NC ENCOMUNICACI\u00d3N SL<\/strong><\/strong><\/strong>&nbsp;siempre que tenga por finalidad el mantenimiento de la relaci\u00f3n contractual existente entre cliente y&nbsp;<strong><strong><strong style=\"font-family: inherit; font-size: inherit; font-style: inherit; font-variant-caps: inherit; letter-spacing: 0.7px;\">NC ENCOMUNICACI\u00d3N SL<\/strong><\/strong><\/strong>, as\u00ed como el desempe\u00f1o de las tareas de informaci\u00f3n, formaci\u00f3n y otras actividades propias del servicio que el cliente tiene contratado con la empresa.<\/p>\n\n\n\n<p><strong>D.<\/strong>\u2013&nbsp;<strong><strong><strong style=\"font-family: inherit; font-size: inherit; font-style: inherit; font-variant-caps: inherit; letter-spacing: 0.7px;\">NC ENCOMUNICACI\u00d3N SL<\/strong><\/strong><\/strong>&nbsp;no se hace responsable del incumplimiento de cualquier norma aplicable en que pueda incurrir el usuario en su acceso al sitio web el presente sitio web y\/o en el uso de las informaciones contenidas en el mismo.<\/p>\n\n\n\n<p><strong>E.<\/strong>\u2013&nbsp;<strong><strong><strong style=\"font-family: inherit; font-size: inherit; font-style: inherit; font-variant-caps: inherit; letter-spacing: 0.7px;\">NC ENCOMUNICACI\u00d3N SL<\/strong><\/strong><\/strong>no ser\u00e1 responsable de los da\u00f1os y perjuicios producidos o que puedan producirse, cualquiera que sea su naturaleza, que se deriven del uso de la informaci\u00f3n, de las materias contenidas en este web site y de los programas que incorpora. Los enlaces (links) e hipertexto que posibiliten, a trav\u00e9s del sitio web el presente sitio web, acceder al usuario a prestaciones y servicios ofrecidos por terceros, no pertenecen ni se encuentran bajo el control de&nbsp;<strong><strong><strong style=\"font-family: inherit; font-size: inherit; font-style: inherit; font-variant-caps: inherit; letter-spacing: 0.7px;\">NC ENCOMUNICACI\u00d3N SL<\/strong><\/strong><\/strong>; dicha entidad no se hace responsable ni de la informaci\u00f3n contenida en los mismos, ni de cualesquiera efectos que pudieran derivarse de dicha informaci\u00f3n.<\/p>\n\n\n\n<p><strong>F.<\/strong>\u2013&nbsp;<strong><strong><strong style=\"font-family: inherit; font-size: inherit; font-style: inherit; font-variant-caps: inherit; letter-spacing: 0.7px;\">NC ENCOMUNICACI\u00d3N SL<\/strong><\/strong><\/strong>&nbsp;no se hace responsable del uso ileg\u00edtimo que terceras personas puedan hacer de los nombres de marca, nombres de producto, marcas comerciales que, no siendo propiedad de dicha entidad, aparezcan en el presente sitio web. Tampoco se responsabiliza de la integridad, veracidad y licitud del contenido de los enlaces a las webs a las que pueda accederse desde el presente sitio web.<\/p>\n\n\n\n<p><\/p>\n","protected":false},"excerpt":{"rendered":"<p>1.&nbsp;Datos de la empresa En cumplimiento del art\u00edculo 10 de la Ley 34\/2002, de 11 de&nbsp; julio, de Servicios de la Sociedad de la Informaci\u00f3n y Comercio Electr\u00f3nico, a continuaci\u00f3n se exponen los datos identificativos de la empresa. Denominaci\u00f3n:\u00a0NC ENCOMUNICACI\u00d3N SL C.I.F.\/N.I.F.:\u00a0B31831282 Domicilio Social:\u00a0Plaza de la Constituci\u00f3n 12 bajo. 31600 Burlada (Navarra) Tel\u00e9fono:\u00a0948257700 Correo electr\u00f3nico: [&hellip;]<\/p>\n","protected":false},"author":1,"featured_media":0,"parent":0,"menu_order":14,"comment_status":"closed","ping_status":"closed","template":"","meta":[],"yoast_head":"<!-- This site is optimized with the Yoast SEO plugin v17.2.1 - https:\/\/yoast.com\/wordpress\/plugins\/seo\/ -->\n<title>AVISO LEGAL - ENCO_IGUALDAD<\/title>\n<meta name=\"robots\" content=\"index, follow, max-snippet:-1, max-image-preview:large, max-video-preview:-1\" \/>\n<link rel=\"canonical\" href=\"https:\/\/encoigualdad.com\/index.php\/aviso-legal\/\" \/>\n<meta property=\"og:locale\" content=\"es_ES\" \/>\n<meta property=\"og:type\" content=\"article\" \/>\n<meta property=\"og:title\" content=\"AVISO LEGAL - ENCO_IGUALDAD\" \/>\n<meta property=\"og:description\" content=\"1.&nbsp;Datos de la empresa En cumplimiento del art\u00edculo 10 de la Ley 34\/2002, de 11 de&nbsp; julio, de Servicios de la Sociedad de la Informaci\u00f3n y Comercio Electr\u00f3nico, a continuaci\u00f3n se exponen los datos identificativos de la empresa. Denominaci\u00f3n:\u00a0NC ENCOMUNICACI\u00d3N SL C.I.F.\/N.I.F.:\u00a0B31831282 Domicilio Social:\u00a0Plaza de la Constituci\u00f3n 12 bajo. 31600 Burlada (Navarra) Tel\u00e9fono:\u00a0948257700 Correo electr\u00f3nico: [&hellip;]\" \/>\n<meta property=\"og:url\" content=\"https:\/\/encoigualdad.com\/index.php\/aviso-legal\/\" \/>\n<meta property=\"og:site_name\" content=\"ENCO_IGUALDAD\" \/>\n<meta property=\"article:modified_time\" content=\"2021-09-27T12:36:19+00:00\" \/>\n<meta name=\"twitter:card\" content=\"summary_large_image\" \/>\n<meta name=\"twitter:label1\" content=\"Tiempo de lectura\" \/>\n\t<meta name=\"twitter:data1\" content=\"7 minutos\" \/>\n<script type=\"application\/ld+json\" class=\"yoast-schema-graph\">{\"@context\":\"https:\/\/schema.org\",\"@graph\":[{\"@type\":\"WebSite\",\"@id\":\"https:\/\/encoigualdad.com\/#website\",\"url\":\"https:\/\/encoigualdad.com\/\",\"name\":\"ENCO_IGUALDAD\",\"description\":\"PLANES DE IGUALDAD PARA EMPRESAS\",\"potentialAction\":[{\"@type\":\"SearchAction\",\"target\":{\"@type\":\"EntryPoint\",\"urlTemplate\":\"https:\/\/encoigualdad.com\/?s={search_term_string}\"},\"query-input\":\"required name=search_term_string\"}],\"inLanguage\":\"es\"},{\"@type\":\"WebPage\",\"@id\":\"https:\/\/encoigualdad.com\/index.php\/aviso-legal\/#webpage\",\"url\":\"https:\/\/encoigualdad.com\/index.php\/aviso-legal\/\",\"name\":\"AVISO LEGAL - ENCO_IGUALDAD\",\"isPartOf\":{\"@id\":\"https:\/\/encoigualdad.com\/#website\"},\"datePublished\":\"2021-09-27T12:17:38+00:00\",\"dateModified\":\"2021-09-27T12:36:19+00:00\",\"breadcrumb\":{\"@id\":\"https:\/\/encoigualdad.com\/index.php\/aviso-legal\/#breadcrumb\"},\"inLanguage\":\"es\",\"potentialAction\":[{\"@type\":\"ReadAction\",\"target\":[\"https:\/\/encoigualdad.com\/index.php\/aviso-legal\/\"]}]},{\"@type\":\"BreadcrumbList\",\"@id\":\"https:\/\/encoigualdad.com\/index.php\/aviso-legal\/#breadcrumb\",\"itemListElement\":[{\"@type\":\"ListItem\",\"position\":1,\"name\":\"Portada\",\"item\":\"https:\/\/encoigualdad.com\/\"},{\"@type\":\"ListItem\",\"position\":2,\"name\":\"AVISO LEGAL\"}]}]}<\/script>\n<!-- \/ Yoast SEO plugin. -->","yoast_head_json":{"title":"AVISO LEGAL - ENCO_IGUALDAD","robots":{"index":"index","follow":"follow","max-snippet":"max-snippet:-1","max-image-preview":"max-image-preview:large","max-video-preview":"max-video-preview:-1"},"canonical":"https:\/\/encoigualdad.com\/index.php\/aviso-legal\/","og_locale":"es_ES","og_type":"article","og_title":"AVISO LEGAL - ENCO_IGUALDAD","og_description":"1.&nbsp;Datos de la empresa En cumplimiento del art\u00edculo 10 de la Ley 34\/2002, de 11 de&nbsp; julio, de Servicios de la Sociedad de la Informaci\u00f3n y Comercio Electr\u00f3nico, a continuaci\u00f3n se exponen los datos identificativos de la empresa. Denominaci\u00f3n:\u00a0NC ENCOMUNICACI\u00d3N SL C.I.F.\/N.I.F.:\u00a0B31831282 Domicilio Social:\u00a0Plaza de la Constituci\u00f3n 12 bajo. 31600 Burlada (Navarra) Tel\u00e9fono:\u00a0948257700 Correo electr\u00f3nico: [&hellip;]","og_url":"https:\/\/encoigualdad.com\/index.php\/aviso-legal\/","og_site_name":"ENCO_IGUALDAD","article_modified_time":"2021-09-27T12:36:19+00:00","twitter_card":"summary_large_image","twitter_misc":{"Tiempo de lectura":"7 minutos"},"schema":{"@context":"https:\/\/schema.org","@graph":[{"@type":"WebSite","@id":"https:\/\/encoigualdad.com\/#website","url":"https:\/\/encoigualdad.com\/","name":"ENCO_IGUALDAD","description":"PLANES DE IGUALDAD PARA EMPRESAS","potentialAction":[{"@type":"SearchAction","target":{"@type":"EntryPoint","urlTemplate":"https:\/\/encoigualdad.com\/?s={search_term_string}"},"query-input":"required name=search_term_string"}],"inLanguage":"es"},{"@type":"WebPage","@id":"https:\/\/encoigualdad.com\/index.php\/aviso-legal\/#webpage","url":"https:\/\/encoigualdad.com\/index.php\/aviso-legal\/","name":"AVISO LEGAL - ENCO_IGUALDAD","isPartOf":{"@id":"https:\/\/encoigualdad.com\/#website"},"datePublished":"2021-09-27T12:17:38+00:00","dateModified":"2021-09-27T12:36:19+00:00","breadcrumb":{"@id":"https:\/\/encoigualdad.com\/index.php\/aviso-legal\/#breadcrumb"},"inLanguage":"es","potentialAction":[{"@type":"ReadAction","target":["https:\/\/encoigualdad.com\/index.php\/aviso-legal\/"]}]},{"@type":"BreadcrumbList","@id":"https:\/\/encoigualdad.com\/index.php\/aviso-legal\/#breadcrumb","itemListElement":[{"@type":"ListItem","position":1,"name":"Portada","item":"https:\/\/encoigualdad.com\/"},{"@type":"ListItem","position":2,"name":"AVISO LEGAL"}]}]}},"_links":{"self":[{"href":"https:\/\/encoigualdad.com\/index.php\/wp-json\/wp\/v2\/pages\/7258"}],"collection":[{"href":"https:\/\/encoigualdad.com\/index.php\/wp-json\/wp\/v2\/pages"}],"about":[{"href":"https:\/\/encoigualdad.com\/index.php\/wp-json\/wp\/v2\/types\/page"}],"author":[{"embeddable":true,"href":"https:\/\/encoigualdad.com\/index.php\/wp-json\/wp\/v2\/users\/1"}],"replies":[{"embeddable":true,"href":"https:\/\/encoigualdad.com\/index.php\/wp-json\/wp\/v2\/comments?post=7258"}],"version-history":[{"count":4,"href":"https:\/\/encoigualdad.com\/index.php\/wp-json\/wp\/v2\/pages\/7258\/revisions"}],"predecessor-version":[{"id":7268,"href":"https:\/\/encoigualdad.com\/index.php\/wp-json\/wp\/v2\/pages\/7258\/revisions\/7268"}],"wp:attachment":[{"href":"https:\/\/encoigualdad.com\/index.php\/wp-json\/wp\/v2\/media?parent=7258"}],"curies":[{"name":"wp","href":"https:\/\/api.w.org\/{rel}","templated":true}]}}