{"id":7261,"date":"2021-09-27T12:26:39","date_gmt":"2021-09-27T12:26:39","guid":{"rendered":"http:\/\/encoigualdad.com\/?page_id=7261"},"modified":"2021-09-27T12:37:23","modified_gmt":"2021-09-27T12:37:23","slug":"politica-de-cookies","status":"publish","type":"page","link":"https:\/\/encoigualdad.com\/index.php\/politica-de-cookies\/","title":{"rendered":"POL\u00cdTICA DE COOKIES"},"content":{"rendered":"\n<h2><strong>TIPOS DE COOKIES<\/strong><\/h2>\n\n\n\n<h3><strong>1. DEFINICI\u00d3N Y FUNCI\u00d3N GENERICA DE LAS COOKIES<\/strong><\/h3>\n\n\n\n<p><strong>\u00bfQu\u00e9 son las Cookies?<\/strong><\/p>\n\n\n\n<p>Este sitio web utiliza Cookies y\/o tecnolog\u00edas similares que almacenan y recuperan informaci\u00f3n de quien navega por nuestra web. Una cookie es un peque\u00f1o archivo de texto que se almacena en el navegador utilizado y cuya finalidad principal es recordar a quien ya ha visitado la p\u00e1gina.<\/p>\n\n\n\n<p>En general las cookies pueden servir para finalidades muy diversas, como, por ejemplo, reconocer al usuario, obtener informaci\u00f3n sobre tus h\u00e1bitos de navegaci\u00f3n, o personalizar la forma en que se muestra el contenido.<\/p>\n\n\n\n<p><strong>\u00bfPara qu\u00e9 NO se utilizan las Cookies en esta web?<\/strong><\/p>\n\n\n\n<p>No almacenamos informaci\u00f3n sensible que permita su identificaci\u00f3n personal de manera directa, como su direcci\u00f3n, su contrase\u00f1a, los datos de su tarjeta de cr\u00e9dito o d\u00e9bito, etc., en las Cookies que utilizamos.<\/p>\n\n\n\n<p>Los usos concretos que hacemos de estas tecnolog\u00edas se describen a continuaci\u00f3n.<\/p>\n\n\n\n<h3><strong>2. INFORMACI\u00d3N SOBRE EL TIPO DE COOKIES QUE SE UTILIZAN Y SU FINALIDAD<\/strong><\/h3>\n\n\n\n<p><strong>\u00bfQu\u00e9 tipos de Cookies se utilizan en esta p\u00e1gina web?<\/strong><\/p>\n\n\n\n<p>De conformidad con lo establecido en la Ley de servicios de la sociedad de la informaci\u00f3n y comercio electr\u00f3nico y de conformidad con las directrices establecidas por la Agencia Espa\u00f1ola de protecci\u00f3n de datos le informamos en el siguiente apartado, de las cookies existentes en nuestra web<\/p>\n\n\n\n<h3><strong>3. IDENTIFICACION DE QUIEN UTILIZA LAS COOKIES<\/strong><\/h3>\n\n\n\n<p><strong>&nbsp;Cookies propias: A\u00d1ADIR (Google analytics, consultar y listado)<\/strong><\/p>\n\n\n\n<p><strong>Cookies de sesi\u00f3n:<\/strong>&nbsp;Permiten la identificaci\u00f3n y autenticaci\u00f3n del usuario. Contienen adem\u00e1s otros datos t\u00e9cnicos sobre la propia sesi\u00f3n tales como el tiempo de espera de conexi\u00f3n, el identificador de sesi\u00f3n. Permiten tambi\u00e9n en que estado de navegaci\u00f3n se encuentra el usuario ( inicio de la sesi\u00f3n, home, primer acceso\u2026). Sirven tambien para almacenar los valores de sesi\u00f3n almacenados por el usuario, tales como el idioma, los productos o servicios, etc.<\/p>\n\n\n\n<figure class=\"wp-block-table\"><table><thead><tr><th>Nombre de la cookie<\/th><th>Finalidad<\/th><th>Titularidad<\/th><th>Temporalidad<\/th><\/tr><\/thead><tbody><tr><td>asdf<\/td><td>asdf<\/td><td>asd&nbsp;<\/td><td>asdf<\/td><\/tr><tr><td>asdf<\/td><td>asdf<\/td><td>asd&nbsp;<\/td><td>asdf<\/td><\/tr><tr><td>asdf<\/td><td>asdf<\/td><td>asd&nbsp;<\/td><td>asdf<\/td><\/tr><\/tbody><\/table><\/figure>\n\n\n\n<h3><strong>4. INFORMACI\u00d3N SOBRE LA FORMA DE ACEPTAR, DENEGAR, REVOCAR EL CONSENTIMIENTO O ELIMINAR LAS COOKIES<\/strong><\/h3>\n\n\n\n<p>Puede usted permitir o bloquear las Cookies, as\u00ed como borrar sus datos de navegaci\u00f3n (incluidas las Cookies) desde el navegador que usted utiliza. Consulte las opciones e instrucciones que ofrece su navegador para ello. Tenga en cuenta que si acepta las Cookies de terceros, deber\u00e1 eliminarlas desde las opciones del navegador.<\/p>\n\n\n\n<p>Mostramos informaci\u00f3n sobre la Pol\u00edtica de Cookies en cualquier p\u00e1gina de la web con cada inicio de sesi\u00f3n. Ante esta informaci\u00f3n es posible llevar a cabo las siguientes acciones:<\/p>\n\n\n\n<ul><li><strong>Aceptar Cookies,<\/strong>&nbsp;dando su consentimiento una vez navega por el sitio web.<\/li><li><strong>Modificar su configuraci\u00f3n.<\/strong><\/li><\/ul>\n\n\n\n<p>Puede restringir, bloquear o borrar las Cookies de cualquier p\u00e1gina web, utilizando tu navegador. Puesto que en cada navegador la configuraci\u00f3n es diferente, la funci\u00f3n de \u2018Ayuda\u201d le mostrar\u00e1 c\u00f3mo hacerlo. Te facilitamos enlaces directos con informaci\u00f3n al respecto:<\/p>\n\n\n\n<ul><li><a href=\"http:\/\/windows.microsoft.com\/es-es\/windows\/cookies-faq#1TC=windows-7\" target=\"_blank\" rel=\"noreferrer noopener\"><strong>Microsoft Internet Explorer<\/strong><\/a><\/li><li><a href=\"http:\/\/mozilla.org\/es\/kb\/Borrar%7Bbf80eedae7ef45dd5153e80135923c693aaa0a29d69d7dfa54dcb2c0968b4119%7D20cookies\" target=\"_blank\" rel=\"noreferrer noopener\"><strong>MozillaFireFox<\/strong><\/a><\/li><li><strong><a href=\"http:\/\/support.google.com\/chrome\/answer\/95647?hl=es\" target=\"_blank\" rel=\"noreferrer noopener\">Google Chrome<\/a><\/strong><\/li><li><strong><a href=\"http:\/\/support.apple.com\/kb\/PH17191?viewlocale=es_ES\" target=\"_blank\" rel=\"noreferrer noopener\">Apple Safari<\/a><\/strong><\/li><\/ul>\n\n\n\n<p><\/p>\n","protected":false},"excerpt":{"rendered":"<p>TIPOS DE COOKIES 1. DEFINICI\u00d3N Y FUNCI\u00d3N GENERICA DE LAS COOKIES \u00bfQu\u00e9 son las Cookies? Este sitio web utiliza Cookies y\/o tecnolog\u00edas similares que almacenan y recuperan informaci\u00f3n de quien navega por nuestra web. Una cookie es un peque\u00f1o archivo de texto que se almacena en el navegador utilizado y cuya finalidad principal es recordar [&hellip;]<\/p>\n","protected":false},"author":1,"featured_media":0,"parent":0,"menu_order":14,"comment_status":"closed","ping_status":"closed","template":"","meta":[],"yoast_head":"<!-- This site is optimized with the Yoast SEO plugin v17.2.1 - https:\/\/yoast.com\/wordpress\/plugins\/seo\/ -->\n<title>POL\u00cdTICA DE COOKIES - ENCO_IGUALDAD<\/title>\n<meta name=\"robots\" content=\"index, follow, max-snippet:-1, max-image-preview:large, max-video-preview:-1\" \/>\n<link rel=\"canonical\" href=\"https:\/\/encoigualdad.com\/index.php\/politica-de-cookies\/\" \/>\n<meta property=\"og:locale\" content=\"es_ES\" \/>\n<meta property=\"og:type\" content=\"article\" \/>\n<meta property=\"og:title\" content=\"POL\u00cdTICA DE COOKIES - ENCO_IGUALDAD\" \/>\n<meta property=\"og:description\" content=\"TIPOS DE COOKIES 1. DEFINICI\u00d3N Y FUNCI\u00d3N GENERICA DE LAS COOKIES \u00bfQu\u00e9 son las Cookies? Este sitio web utiliza Cookies y\/o tecnolog\u00edas similares que almacenan y recuperan informaci\u00f3n de quien navega por nuestra web. Una cookie es un peque\u00f1o archivo de texto que se almacena en el navegador utilizado y cuya finalidad principal es recordar [&hellip;]\" \/>\n<meta property=\"og:url\" content=\"https:\/\/encoigualdad.com\/index.php\/politica-de-cookies\/\" \/>\n<meta property=\"og:site_name\" content=\"ENCO_IGUALDAD\" \/>\n<meta property=\"article:modified_time\" content=\"2021-09-27T12:37:23+00:00\" \/>\n<meta name=\"twitter:card\" content=\"summary_large_image\" \/>\n<meta name=\"twitter:label1\" content=\"Tiempo de lectura\" \/>\n\t<meta name=\"twitter:data1\" content=\"3 minutos\" \/>\n<script type=\"application\/ld+json\" class=\"yoast-schema-graph\">{\"@context\":\"https:\/\/schema.org\",\"@graph\":[{\"@type\":\"WebSite\",\"@id\":\"https:\/\/encoigualdad.com\/#website\",\"url\":\"https:\/\/encoigualdad.com\/\",\"name\":\"ENCO_IGUALDAD\",\"description\":\"PLANES DE IGUALDAD PARA EMPRESAS\",\"potentialAction\":[{\"@type\":\"SearchAction\",\"target\":{\"@type\":\"EntryPoint\",\"urlTemplate\":\"https:\/\/encoigualdad.com\/?s={search_term_string}\"},\"query-input\":\"required name=search_term_string\"}],\"inLanguage\":\"es\"},{\"@type\":\"WebPage\",\"@id\":\"https:\/\/encoigualdad.com\/index.php\/politica-de-cookies\/#webpage\",\"url\":\"https:\/\/encoigualdad.com\/index.php\/politica-de-cookies\/\",\"name\":\"POL\\u00cdTICA DE COOKIES - ENCO_IGUALDAD\",\"isPartOf\":{\"@id\":\"https:\/\/encoigualdad.com\/#website\"},\"datePublished\":\"2021-09-27T12:26:39+00:00\",\"dateModified\":\"2021-09-27T12:37:23+00:00\",\"breadcrumb\":{\"@id\":\"https:\/\/encoigualdad.com\/index.php\/politica-de-cookies\/#breadcrumb\"},\"inLanguage\":\"es\",\"potentialAction\":[{\"@type\":\"ReadAction\",\"target\":[\"https:\/\/encoigualdad.com\/index.php\/politica-de-cookies\/\"]}]},{\"@type\":\"BreadcrumbList\",\"@id\":\"https:\/\/encoigualdad.com\/index.php\/politica-de-cookies\/#breadcrumb\",\"itemListElement\":[{\"@type\":\"ListItem\",\"position\":1,\"name\":\"Portada\",\"item\":\"https:\/\/encoigualdad.com\/\"},{\"@type\":\"ListItem\",\"position\":2,\"name\":\"POL\\u00cdTICA DE COOKIES\"}]}]}<\/script>\n<!-- \/ Yoast SEO plugin. -->","yoast_head_json":{"title":"POL\u00cdTICA DE COOKIES - ENCO_IGUALDAD","robots":{"index":"index","follow":"follow","max-snippet":"max-snippet:-1","max-image-preview":"max-image-preview:large","max-video-preview":"max-video-preview:-1"},"canonical":"https:\/\/encoigualdad.com\/index.php\/politica-de-cookies\/","og_locale":"es_ES","og_type":"article","og_title":"POL\u00cdTICA DE COOKIES - ENCO_IGUALDAD","og_description":"TIPOS DE COOKIES 1. DEFINICI\u00d3N Y FUNCI\u00d3N GENERICA DE LAS COOKIES \u00bfQu\u00e9 son las Cookies? Este sitio web utiliza Cookies y\/o tecnolog\u00edas similares que almacenan y recuperan informaci\u00f3n de quien navega por nuestra web. Una cookie es un peque\u00f1o archivo de texto que se almacena en el navegador utilizado y cuya finalidad principal es recordar [&hellip;]","og_url":"https:\/\/encoigualdad.com\/index.php\/politica-de-cookies\/","og_site_name":"ENCO_IGUALDAD","article_modified_time":"2021-09-27T12:37:23+00:00","twitter_card":"summary_large_image","twitter_misc":{"Tiempo de lectura":"3 minutos"},"schema":{"@context":"https:\/\/schema.org","@graph":[{"@type":"WebSite","@id":"https:\/\/encoigualdad.com\/#website","url":"https:\/\/encoigualdad.com\/","name":"ENCO_IGUALDAD","description":"PLANES DE IGUALDAD PARA EMPRESAS","potentialAction":[{"@type":"SearchAction","target":{"@type":"EntryPoint","urlTemplate":"https:\/\/encoigualdad.com\/?s={search_term_string}"},"query-input":"required name=search_term_string"}],"inLanguage":"es"},{"@type":"WebPage","@id":"https:\/\/encoigualdad.com\/index.php\/politica-de-cookies\/#webpage","url":"https:\/\/encoigualdad.com\/index.php\/politica-de-cookies\/","name":"POL\u00cdTICA DE COOKIES - ENCO_IGUALDAD","isPartOf":{"@id":"https:\/\/encoigualdad.com\/#website"},"datePublished":"2021-09-27T12:26:39+00:00","dateModified":"2021-09-27T12:37:23+00:00","breadcrumb":{"@id":"https:\/\/encoigualdad.com\/index.php\/politica-de-cookies\/#breadcrumb"},"inLanguage":"es","potentialAction":[{"@type":"ReadAction","target":["https:\/\/encoigualdad.com\/index.php\/politica-de-cookies\/"]}]},{"@type":"BreadcrumbList","@id":"https:\/\/encoigualdad.com\/index.php\/politica-de-cookies\/#breadcrumb","itemListElement":[{"@type":"ListItem","position":1,"name":"Portada","item":"https:\/\/encoigualdad.com\/"},{"@type":"ListItem","position":2,"name":"POL\u00cdTICA DE COOKIES"}]}]}},"_links":{"self":[{"href":"https:\/\/encoigualdad.com\/index.php\/wp-json\/wp\/v2\/pages\/7261"}],"collection":[{"href":"https:\/\/encoigualdad.com\/index.php\/wp-json\/wp\/v2\/pages"}],"about":[{"href":"https:\/\/encoigualdad.com\/index.php\/wp-json\/wp\/v2\/types\/page"}],"author":[{"embeddable":true,"href":"https:\/\/encoigualdad.com\/index.php\/wp-json\/wp\/v2\/users\/1"}],"replies":[{"embeddable":true,"href":"https:\/\/encoigualdad.com\/index.php\/wp-json\/wp\/v2\/comments?post=7261"}],"version-history":[{"count":3,"href":"https:\/\/encoigualdad.com\/index.php\/wp-json\/wp\/v2\/pages\/7261\/revisions"}],"predecessor-version":[{"id":7269,"href":"https:\/\/encoigualdad.com\/index.php\/wp-json\/wp\/v2\/pages\/7261\/revisions\/7269"}],"wp:attachment":[{"href":"https:\/\/encoigualdad.com\/index.php\/wp-json\/wp\/v2\/media?parent=7261"}],"curies":[{"name":"wp","href":"https:\/\/api.w.org\/{rel}","templated":true}]}}